e factors of g.
2, 31
Suppose 4*c + 2*u - 4 = 0, -2*c + c + 23 = -5*u. Suppose -4*i + 272 = v, 0 = -i + c*i - 3*v - 136. List the prime factors of i.
2, 17
Suppose 59*o - 3906 = 45*o. List the prime factors of o.
3, 31
List the prime factors of 18/(-12) + (-19850)/(-20).
991
Let d be (4 - (0 - 0)) + -2. Suppose -d*p - 6*p = -992. What are the prime factors of p?
2, 31
Suppose 10 = 3*w - 2*w. Suppose 2*p = -2*p - 2*r + w, -r = -5*p + 23. Suppose -228 = -p*g - 68. List the prime factors of g.
2, 5
Let w = -26 + 29. Suppose 0 = h - w*h. List the prime factors of h - -4 - (-63)/1.
67
Suppose 236 - 2555 = -z + 5*q, 0 = q. List the prime factors of z.
3, 773
Let y(v) be the third derivative of -v**6/120 + 7*v**5/30 - v**4/8 + 5*v**3 + 38*v**2. What are the prime factors of y(13)?
2, 5
Let z(n) = 6*n**2 - 7*n + 6. List the prime factors of z(6).
2, 3, 5
Suppose 4*u - 7*u = -129. Let m = -28 + u. Suppose 0 = h + 4*s - 18 - m, 3 = s. List the prime factors of h.
3, 7
Let y(o) = -o**3 - 31*o**2 - 34*o + 21. What are the prime factors of y(-30)?
3, 47
Let m(i) = -4*i**3 - 2*i**2 - 2*i + 2. Let x be m(2). What are the prime factors of (120/x + 0/2)*-7?
2, 5
Suppose 3*x - u = 3076, 5*x = -4*u + 5081 + 57. What are the prime factors of x?
2, 3, 19
Let d(z) = -701*z - 955. List the prime factors of d(-8).
3, 11, 47
Suppose 5*b - 97 = -4*x + 2*x, 5*x = 4*b - 104. List the prime factors of (-6)/b - ((-984)/14 - 1).
71
Let y be (-6)/4*(-336)/36. Let p = y - 23. Let u(d) = d**2 + 5*d + 5. List the prime factors of u(p).
41
What are the prime factors of 5349/11 - 39/143?
2, 3
Suppose 7*x = 2*x - 4*j + 1505, -2*j = -3*x + 881. List the prime factors of x.
3, 11
Let b(j) = j**3 + 3*j**2 + 3*j - 3*j**2 - 2. Suppose 5*z - 35 = 5*v, z - 3*v + 13 = -6*v. What are the prime factors of b(z)?
2, 3
Let t = -66 - -101. Suppose 0 = 2*c - 97 + t. What are the prime factors of c?
31
Let l(t) = 56*t - 244. What are the prime factors of l(11)?
2, 3, 31
Let d be -3*((-3)/(-3) - -1). Let b(u) = u**2 + 0*u**2 - 6*u**2 - u**3 + 9 + 6*u. What are the prime factors of b(d)?
3
Let o be 63/105 - (44/(-10) + 0). Suppose o*t - 110 = -0*t. What are the prime factors of t?
2, 11
Suppose 2*q - q - 2 = 0. Let u(v) = 1 + 0*v**q + 10*v**2 + v + 0. List the prime factors of u(-1).
2, 5
Suppose 2*k = -13 - 11. Let c = k + 15. Suppose 4*j = 3*l + 21 - 155, c*j = -2*l + 95. What are the prime factors of l?
2, 23
Let k = 1609 + 1817. What are the prime factors of k?
2, 3, 571
Let p = -24 + 17. Let s(w) be the first derivative of w**3/3 + 3*w**2 + 8*w + 255. What are the prime factors of s(p)?
3, 5
Let v = 293 + -14. What are the prime factors of v?
3, 31
Let l be ((-12)/8)/((-3)/(-18)). Let g be ((-3)/l)/((-1)/(-6)). Suppose 2*t - t + g*m - 19 = 0, -2*m = 6. What are the prime factors of t?
5
Let k = 449 + 495. List the prime factors of k.
2, 59
Let g = 2178 - 586. List the prime factors of g.
2, 199
Let v = -22 + 26. Suppose 145 = 9*p - v*p. What are the prime factors of p?
29
Let x(i) = -18*i**2 + i. Let k be x(6). Let z be k/(-30) + (-4)/10. Suppose 4*p = 4*m + 40, -3*p + z + 15 = -5*m. What are the prime factors of p?
7
Let w(o) be the third derivative of -o**6/60 + o**5/20 + o**4/3 + 4*o**3/3 - 2*o**2. What are the prime factors of w(-4)?
2, 19
What are the prime factors of 11300/150 + 10/6?
7, 11
Let c(f) be the third derivative of f**4/24 - 5*f**3/6 - 4*f**2. Let u be c(5). Suppose u = -3*y + 37 + 95. What are the prime factors of y?
2, 11
Let b(o) = -4*o + 4*o + 0 + 9 - o. List the prime factors of b(0).
3
Let p(l) = 9*l + 2. Let c be p(16). Suppose i - 205 = -5*q - 4*i, -4*q = -5*i - c. What are the prime factors of (q - -1)/(1/1)?
2, 5
Let f(i) = -i**2 - 8*i - 2. Let z be f(-7). Suppose -z*v + 56 = 4*y, 0 = -2*y + 4*y + v - 34. What are the prime factors of y?
19
Let y = 1 + 1. Suppose -3*q + 5 = -y*q. Suppose 3*d + 5 = 2*i - 16, 60 = q*i - 5*d. What are the prime factors of i?
3, 5
Suppose -q - 84 = 2*q. Let n = 32 + q. What are the prime factors of n?
2
Let p(i) = i**3 - 6*i**2 - 13*i + 12. Let h be (146/(-30) - -5) + (-118)/(-15). What are the prime factors of p(h)?
2, 3
Suppose -4 = p - 2*u, -2*u - 10 = -2*p - 4*u. Let m be (10 + -1)*p/6. Suppose -m*l + 86 = 2*y, -78 = -2*l - 3*y - 24. List the prime factors of l.
2, 3, 5
Let g(p) = -254*p - 11. List the prime factors of g(-4).
3, 5, 67
Let k be (-3 + (-28 - -2))/(-1). Let f = k - 29. Let l(o) = o**3 + o**2 - o + 71. List the prime factors of l(f).
71
Suppose 29 = -9*k + 353. Suppose -64 = -5*y + k. List the prime factors of y.
2, 5
Suppose -399 + 147 = -m. What are the prime factors of m?
2, 3, 7
Suppose 5*x = 25, -1590 = 3*a - x - 8581. List the prime factors of a.
2, 11, 53
Suppose 68 = m - 0*m. Let h = 88 - m. What are the prime factors of h?
2, 5
Let a be -1 + -3 - (0 + -123). Suppose 3*s = 15, 36 = 5*h + 5*s - a. Let w = h - -7. What are the prime factors of w?
3, 11
Suppose 4*c = -3*k + 16, -4*c - 8 = -0*k + k. What are the prime factors of 6/k - 362/(-4)?
7, 13
What are the prime factors of (-19108)/(-22) + 2664/198 + -14?
2, 7, 31
Suppose 3*k - 5 = 2*k. Suppose -3*f = -4*n + 297, n - 73 = 6*f - k*f. List the prime factors of n.
2, 3, 13
Suppose 17*b - 165 = 16*b. What are the prime factors of b?
3, 5, 11
Suppose 5*j - 2*n - 14 = 0, -2*j + 14 = -4*n - n. Suppose 0 = 5*q + 3*u - 323, 0 = 4*q - j*q - 3*u - 125. What are the prime factors of q?
2
Suppose 4*q = -3*h + 35, 2*h - 8 - 12 = -q. Let m(d) = 34*d - 28. List the prime factors of m(h).
2, 139
Suppose 5*u - 189 = -2*u. Let p(o) = o**3 - 26*o**2 - 25*o + 50. List the prime factors of p(u).
2, 13
Let j(z) be the third derivative of -z**4/6 + 2*z**3/3 - z**2. Suppose 4*y + 3*v = -1, 22 = -y + 4*v - 2. What are the prime factors of j(y)?
2, 5
Let n = 2130 - 1063. List the prime factors of n.
11, 97
Let a(u) = 27*u**2 - u + 1. Let g be a(-3). Suppose 4*t - 4*c + 7*c + 200 = 0, -5*t - 3*c = g. Let h = t - -93. List the prime factors of h.
2, 23
Suppose 3*z = 3*s - 1722, 2*s - 4*s = 2*z - 1148. List the prime factors of s.
2, 7, 41
Let y(o) = 57*o + 114. What are the prime factors of y(54)?
2, 3, 7, 19
Let t = 15 - -5. Let v be (8/t)/((-1)/(-5)). List the prime factors of -1*(-34 + (0 - v)).
2, 3
Let v = 2326 - 278. What are the prime factors of 1/3 - v/(-12)?
3, 19
Suppose 11*k - 44 - 55 = 0. Let d(f) = 3*f**2 - 8*f + 40. What are the prime factors of d(k)?
211
Let h = 6357 + -4465. What are the prime factors of h?
2, 11, 43
Let b(n) = n**3 - 8*n**2 + 7*n + 5. Let k be b(7). Suppose -33 = -k*i + 32. What are the prime factors of (-2)/i + 396/39?
2, 5
Suppose -3*i = 5*c - 21, -4*c + 5*i = 1 - 3. Suppose q - 501 = -c*a + 144, 0 = 2*a + 5*q - 417. List the prime factors of a.
2, 3
Let t = -13 - -17. Suppose -3*b - 5*l - 17 = -7*b, l - 11 = -t*b. Suppose -b*c = -90 - 30. List the prime factors of c.
2, 5
Suppose -4*k + 2 = -d, -8 = -0*k + 4*k. List the prime factors of d/25 - (-634)/10.
3, 7
Let n be -15*(54/(-10))/3. Let z be n/36 - (-9)/4. Suppose z*g - 5 = 4. What are the prime factors of g?
3
Suppose 0 = -4*i - 4*g - 0*g + 3240, 0 = 5*g + 10. List the prime factors of i.
2, 7, 29
Suppose -4*y = -2*l + 524, -7*y = -3*l - 3*y + 786. Suppose 3*i - l = 4*o + 258, 0 = -2*o - 8. What are the prime factors of i?
2, 3, 7
Let w(y) = y**2 - y. Let b be w(7). Let h = 98 - b. List the prime factors of h.
2, 7
Let i(t) = -t - 31. Let c be i(-9). Let q = c - -74. List the prime factors of q.
2, 13
Let g(a) = -15*a - 5. Let r(x) = -14*x - 4. Let j(l) = -5*g(l) + 6*r(l). List the prime factors of j(-3).
2, 7
Suppose 0 = 3*o + 4*u - 2673, -6*o + 5*o - 3*u = -896. List the prime factors of o.
887
Let b(h) = h**3 - 4*h**2 + 3*h - 1. Let x be b(3). Let t(z) be the third derivative of -3*z**4/4 + z**3/6 + 17*z**2. What are the prime factors of t(x)?
19
Let w(y) = -4*y - 7. Let v be -3*(-2)/(-3 + 5). Let s(o) = -5*o - 6. Let i(x) = v*s(x) - 2*w(x). What are the prime factors of i(-3)?
17
Suppose -529 = 5*a - 2379. What are the prime factors of (-2 + (-64)/(-20))/(4/a)?
3, 37
Let f(b) = -15*b**3 - 26*b**2 - 11*b - 4. What are the prime factors of f(-7)?
2, 17, 29
Suppose g - 47 = -f + 25, -g + 64 = 3*f. Let u = 105 + g. What are the prime factors of u?
181
Suppose 10*n - 5*n - 3070 = -c, 3*n + 1234